{"id":3,"date":"2024-03-27T01:15:22","date_gmt":"2024-03-27T01:15:22","guid":{"rendered":"https:\/\/karlamanzanilla.com\/?page_id=3"},"modified":"2024-04-09T07:23:52","modified_gmt":"2024-04-09T07:23:52","slug":"aviso-privacidad","status":"publish","type":"page","link":"https:\/\/karlamanzanilla.com\/en\/aviso-privacidad\/","title":{"rendered":"Disclaimer"},"content":{"rendered":"<h5 class=\"wp-block-heading\">AVISO DE PRIVACIDAD PARA LA PROTECCI\u00d3N DE DATOS PERSONALES<\/h5>\n\n\n\n<h6 class=\"wp-block-heading\">EN T\u00c9RMINOS DE LO PREVISTO EN LA LEY FEDERAL DE PROTECCI\u00d3N DE DATOS PERSONALES EN POSESI\u00d3N DE LOS PARTICULARES (EN LO SUCESIVO DENOMINADA COMO \u201cLA LEY\u201d), KARLAMANZANILLA.COM , ESTABLECE EL PRESENTE AVISO DE PRIVACIDAD DE CONFORMIDAD CON LO SIGUIENTE:<\/h6>\n\n\n\n<p>T\u00e9rminos y Condiciones<\/p>\n\n\n\n<p>1.- El presente Aviso de Privacidad tiene por objeto la protecci\u00f3n de los datos personales de los clientes, ex clientes y personal de la empresa, mediante su tratamiento leg\u00edtimo, controlado e informado, a efecto de garantizar su privacidad, as\u00ed como tu derecho a la autodeterminaci\u00f3n informativa.<\/p>\n\n\n\n<p>2.- Dato Personal es Cualquier informaci\u00f3n concerniente a una persona f\u00edsica identificada o identificable; el responsable de recabar los datos personales es el \u00e1rea administrativa de la empresa.<\/p>\n\n\n\n<p>3.- Al proporcionar tus Datos Personales por escrito, a trav\u00e9s de una solicitud, formato en papel, formato digital, correo electr\u00f3nico, o cualquier otro documento, aceptas y autorizas a\u00a0<strong>KARLAMANZANILLA.COM\u00a0<\/strong>a utilizar y tratar de forma automatizada tus datos personales e informaci\u00f3n suministrados, los cuales formar\u00e1n parte de nuestra base de datos con la finalidad de usarlos, en forma enunciativa, m\u00e1s no limitativa, para: identificarte, ubicarte, comunicarte, contactarte, enviarte informaci\u00f3n , as\u00ed como para enviarlos y\/o transferirlos a terceros, dentro y fuera del territorio nacional, por cualquier medio que permita la ley para cumplir con nuestros fines sociales.<\/p>\n\n\n\n<p>4.- Mediante la aceptaci\u00f3n y autorizaci\u00f3n para el tratamiento de tus datos personales en los t\u00e9rminos antes se\u00f1alados, nos facultas expresamente a transferirlos a autoridades de cualquier nivel (Federales, Estatales, Municipales), organismos p\u00fablicos y privados, diversas empresas y\/o personas f\u00edsicas, dentro y fuera de M\u00e9xico, con el prop\u00f3sito de integrar tu expediente de cliente prospecto o cliente, prestar los servicios que pudieran llegar a ser o hayan sido contratados, comunicarte sobre cambios en los servicios, enviar facturaciones, y para dar cumplimiento a las obligaciones que hemos contra\u00eddo contigo; y nos autorizas a poder emitir documentaci\u00f3n, oficial o no, a tus representantes legales.<\/p>\n\n\n\n<p>5.- La temporalidad del manejo de tus Datos Personales ser\u00e1 indefinida a partir de la fecha en que nos los proporciones, pudiendo oponerte al manejo de los mismos en cualquier momento que lo consideres oportuno, con las limitaciones de Ley; en caso de que tu solicitud de oposici\u00f3n sea procedente,\u00a0<strong>KARLAMANZANILLA.COM\u00a0<\/strong>dejar\u00e1 de manejar tus Datos Personales sin responsabilidad de nuestra parte.<\/p>\n\n\n\n<p>6.- El \u00e1rea de<strong>\u00a0KARLAMANZANILLA.COM<\/strong>\u00a0responsable del tratamiento de tus datos personales, est\u00e1 obligada a cumplir con los principios de licitud, consentimiento, informaci\u00f3n, calidad, finalidad, lealtad, proporcionalidad y responsabilidad tutelados en la Ley; por tal motivo con fundamento en los art\u00edculos 13 y 14 de la Ley,\u00a0<strong><strong>KARLAMANZANILLA.COM<\/strong> \u00a0<\/strong>se compromete a guardar estricta confidencialidad de tus datos personales, as\u00ed como a mantener las medidas de seguridad administrativas, t\u00e9cnicas y f\u00edsicas que permitan protegerlos contra cualquier da\u00f1o, p\u00e9rdida, alteraci\u00f3n, acceso o tratamiento no autorizado.<\/p>\n\n\n\n<p>7.- En t\u00e9rminos de lo establecido por el art\u00edculo 22 de la Ley, tienes derecho en cualquier momento a ejercer tus derechos de acceso, rectificaci\u00f3n, cancelaci\u00f3n y oposici\u00f3n al tratamiento de tus datos personales, mediante la solicitud v\u00eda correo electr\u00f3nico <a href=\"mailto:coachkarla@karlamanzanilla.com\">coachkarla@karlamanzanilla.com<\/a> dirigido a quien corresponda\u00a0<strong>\u00a0<\/strong>solicitud que debe contener los requisitos que marca la Ley.<\/p>\n\n\n\n<p>8.-<strong>\u00a0<strong>\u00a0KARLAMANZANILLA.COM<\/strong>\u00a0<\/strong>ocasionalmente modi\ufb01car\u00e1 y corregir\u00e1 este Aviso de Privacidad, por lo tanto, te pedimos que revises este aviso regularmente en la p\u00e1gina de internet que corresponda, o en\u00a0<strong>www.karlamanzanilla.com <\/strong><\/p>\n\n\n\n<p>9.-<strong>\u00a0KARLAMANZANILLA.COM \u00a0<\/strong>proteger\u00e1 tus Datos Personales en los t\u00e9rminos de la Ley, y te comunicar\u00e1 los elementos contenidos en las fracciones del art\u00edculo 16 de la Ley.<\/p>\n\n\n\n<p>Acepto de conformidad el contenido del Aviso de Privacidad que me da<strong>\u00a0 <strong>KARLAMANZANILLA.COM<\/strong><\/strong><\/p>","protected":false},"excerpt":{"rendered":"<p>AVISO DE PRIVACIDAD PARA LA PROTECCI\u00d3N DE DATOS PERSONALES EN&hellip;<\/p>\n<p> <a class=\"more-link\" href=\"https:\/\/karlamanzanilla.com\/en\/aviso-privacidad\/\">Read more<\/a><\/p>","protected":false},"author":1,"featured_media":0,"parent":0,"menu_order":0,"comment_status":"closed","ping_status":"closed","template":"","meta":{"footnotes":""},"class_list":["post-3","page","type-page","status-publish"],"yoast_head":"<!-- This site is optimized with the Yoast SEO plugin v27.3 - https:\/\/yoast.com\/product\/yoast-seo-wordpress\/ -->\n<title>Aviso de Privacidad - Karla Manzanilla<\/title>\n<meta name=\"robots\" content=\"index, follow, max-snippet:-1, max-image-preview:large, max-video-preview:-1\" \/>\n<link rel=\"canonical\" href=\"https:\/\/karlamanzanilla.com\/en\/aviso-privacidad\/\" \/>\n<meta property=\"og:locale\" content=\"en_US\" \/>\n<meta property=\"og:type\" content=\"article\" \/>\n<meta property=\"og:title\" content=\"Aviso de Privacidad - Karla Manzanilla\" \/>\n<meta property=\"og:description\" content=\"AVISO DE PRIVACIDAD PARA LA PROTECCI\u00d3N DE DATOS PERSONALES EN&hellip;  Read more\" \/>\n<meta property=\"og:url\" content=\"https:\/\/karlamanzanilla.com\/en\/aviso-privacidad\/\" \/>\n<meta property=\"og:site_name\" content=\"Karla Manzanilla\" \/>\n<meta property=\"article:modified_time\" content=\"2024-04-09T07:23:52+00:00\" \/>\n<meta name=\"twitter:card\" content=\"summary_large_image\" \/>\n<meta name=\"twitter:label1\" content=\"Est. reading time\" \/>\n\t<meta name=\"twitter:data1\" content=\"3 minutes\" \/>\n<script type=\"application\/ld+json\" class=\"yoast-schema-graph\">{\"@context\":\"https:\\\/\\\/schema.org\",\"@graph\":[{\"@type\":\"WebPage\",\"@id\":\"https:\\\/\\\/karlamanzanilla.com\\\/aviso-privacidad\\\/\",\"url\":\"https:\\\/\\\/karlamanzanilla.com\\\/aviso-privacidad\\\/\",\"name\":\"Aviso de Privacidad - Karla Manzanilla\",\"isPartOf\":{\"@id\":\"https:\\\/\\\/karlamanzanilla.com\\\/#website\"},\"datePublished\":\"2024-03-27T01:15:22+00:00\",\"dateModified\":\"2024-04-09T07:23:52+00:00\",\"breadcrumb\":{\"@id\":\"https:\\\/\\\/karlamanzanilla.com\\\/aviso-privacidad\\\/#breadcrumb\"},\"inLanguage\":\"en-US\",\"potentialAction\":[{\"@type\":\"ReadAction\",\"target\":[\"https:\\\/\\\/karlamanzanilla.com\\\/aviso-privacidad\\\/\"]}]},{\"@type\":\"BreadcrumbList\",\"@id\":\"https:\\\/\\\/karlamanzanilla.com\\\/aviso-privacidad\\\/#breadcrumb\",\"itemListElement\":[{\"@type\":\"ListItem\",\"position\":1,\"name\":\"Portada\",\"item\":\"https:\\\/\\\/karlamanzanilla.com\\\/\"},{\"@type\":\"ListItem\",\"position\":2,\"name\":\"Aviso de Privacidad\"}]},{\"@type\":\"WebSite\",\"@id\":\"https:\\\/\\\/karlamanzanilla.com\\\/#website\",\"url\":\"https:\\\/\\\/karlamanzanilla.com\\\/\",\"name\":\"Karla Manzanilla\",\"description\":\"Coaching de recuperaci\u00f3n de TCA\",\"publisher\":{\"@id\":\"https:\\\/\\\/karlamanzanilla.com\\\/#\\\/schema\\\/person\\\/bfe531cd33de192499427d82ff8ee49f\"},\"potentialAction\":[{\"@type\":\"SearchAction\",\"target\":{\"@type\":\"EntryPoint\",\"urlTemplate\":\"https:\\\/\\\/karlamanzanilla.com\\\/?s={search_term_string}\"},\"query-input\":{\"@type\":\"PropertyValueSpecification\",\"valueRequired\":true,\"valueName\":\"search_term_string\"}}],\"inLanguage\":\"en-US\"},{\"@type\":[\"Person\",\"Organization\"],\"@id\":\"https:\\\/\\\/karlamanzanilla.com\\\/#\\\/schema\\\/person\\\/bfe531cd33de192499427d82ff8ee49f\",\"name\":\"admin\",\"image\":{\"@type\":\"ImageObject\",\"inLanguage\":\"en-US\",\"@id\":\"https:\\\/\\\/karlamanzanilla.com\\\/wp-content\\\/uploads\\\/2024\\\/04\\\/cropped-logo-karla-1.png\",\"url\":\"https:\\\/\\\/karlamanzanilla.com\\\/wp-content\\\/uploads\\\/2024\\\/04\\\/cropped-logo-karla-1.png\",\"contentUrl\":\"https:\\\/\\\/karlamanzanilla.com\\\/wp-content\\\/uploads\\\/2024\\\/04\\\/cropped-logo-karla-1.png\",\"width\":1920,\"height\":652,\"caption\":\"admin\"},\"logo\":{\"@id\":\"https:\\\/\\\/karlamanzanilla.com\\\/wp-content\\\/uploads\\\/2024\\\/04\\\/cropped-logo-karla-1.png\"},\"sameAs\":[\"https:\\\/\\\/karlamanzanilla.com\"]}]}<\/script>\n<!-- \/ Yoast SEO plugin. -->","yoast_head_json":{"title":"Aviso de Privacidad - Karla Manzanilla","robots":{"index":"index","follow":"follow","max-snippet":"max-snippet:-1","max-image-preview":"max-image-preview:large","max-video-preview":"max-video-preview:-1"},"canonical":"https:\/\/karlamanzanilla.com\/en\/aviso-privacidad\/","og_locale":"en_US","og_type":"article","og_title":"Aviso de Privacidad - Karla Manzanilla","og_description":"AVISO DE PRIVACIDAD PARA LA PROTECCI\u00d3N DE DATOS PERSONALES EN&hellip;  Read more","og_url":"https:\/\/karlamanzanilla.com\/en\/aviso-privacidad\/","og_site_name":"Karla Manzanilla","article_modified_time":"2024-04-09T07:23:52+00:00","twitter_card":"summary_large_image","twitter_misc":{"Est. reading time":"3 minutes"},"schema":{"@context":"https:\/\/schema.org","@graph":[{"@type":"WebPage","@id":"https:\/\/karlamanzanilla.com\/aviso-privacidad\/","url":"https:\/\/karlamanzanilla.com\/aviso-privacidad\/","name":"Aviso de Privacidad - Karla Manzanilla","isPartOf":{"@id":"https:\/\/karlamanzanilla.com\/#website"},"datePublished":"2024-03-27T01:15:22+00:00","dateModified":"2024-04-09T07:23:52+00:00","breadcrumb":{"@id":"https:\/\/karlamanzanilla.com\/aviso-privacidad\/#breadcrumb"},"inLanguage":"en-US","potentialAction":[{"@type":"ReadAction","target":["https:\/\/karlamanzanilla.com\/aviso-privacidad\/"]}]},{"@type":"BreadcrumbList","@id":"https:\/\/karlamanzanilla.com\/aviso-privacidad\/#breadcrumb","itemListElement":[{"@type":"ListItem","position":1,"name":"Portada","item":"https:\/\/karlamanzanilla.com\/"},{"@type":"ListItem","position":2,"name":"Aviso de Privacidad"}]},{"@type":"WebSite","@id":"https:\/\/karlamanzanilla.com\/#website","url":"https:\/\/karlamanzanilla.com\/","name":"Karla Manzanilla","description":"Coaching de recuperaci\u00f3n de TCA","publisher":{"@id":"https:\/\/karlamanzanilla.com\/#\/schema\/person\/bfe531cd33de192499427d82ff8ee49f"},"potentialAction":[{"@type":"SearchAction","target":{"@type":"EntryPoint","urlTemplate":"https:\/\/karlamanzanilla.com\/?s={search_term_string}"},"query-input":{"@type":"PropertyValueSpecification","valueRequired":true,"valueName":"search_term_string"}}],"inLanguage":"en-US"},{"@type":["Person","Organization"],"@id":"https:\/\/karlamanzanilla.com\/#\/schema\/person\/bfe531cd33de192499427d82ff8ee49f","name":"admin","image":{"@type":"ImageObject","inLanguage":"en-US","@id":"https:\/\/karlamanzanilla.com\/wp-content\/uploads\/2024\/04\/cropped-logo-karla-1.png","url":"https:\/\/karlamanzanilla.com\/wp-content\/uploads\/2024\/04\/cropped-logo-karla-1.png","contentUrl":"https:\/\/karlamanzanilla.com\/wp-content\/uploads\/2024\/04\/cropped-logo-karla-1.png","width":1920,"height":652,"caption":"admin"},"logo":{"@id":"https:\/\/karlamanzanilla.com\/wp-content\/uploads\/2024\/04\/cropped-logo-karla-1.png"},"sameAs":["https:\/\/karlamanzanilla.com"]}]}},"_links":{"self":[{"href":"https:\/\/karlamanzanilla.com\/en\/wp-json\/wp\/v2\/pages\/3","targetHints":{"allow":["GET"]}}],"collection":[{"href":"https:\/\/karlamanzanilla.com\/en\/wp-json\/wp\/v2\/pages"}],"about":[{"href":"https:\/\/karlamanzanilla.com\/en\/wp-json\/wp\/v2\/types\/page"}],"author":[{"embeddable":true,"href":"https:\/\/karlamanzanilla.com\/en\/wp-json\/wp\/v2\/users\/1"}],"replies":[{"embeddable":true,"href":"https:\/\/karlamanzanilla.com\/en\/wp-json\/wp\/v2\/comments?post=3"}],"version-history":[{"count":0,"href":"https:\/\/karlamanzanilla.com\/en\/wp-json\/wp\/v2\/pages\/3\/revisions"}],"wp:attachment":[{"href":"https:\/\/karlamanzanilla.com\/en\/wp-json\/wp\/v2\/media?parent=3"}],"curies":[{"name":"wp","href":"https:\/\/api.w.org\/{rel}","templated":true}]}}

<h5 class="wp-block-heading">AVISO DE PRIVACIDAD PARA LA PROTECCIÓN DE DATOS PERSONALES</h5>



<h6 class="wp-block-heading">EN TÉRMINOS DE LO PREVISTO EN LA LEY FEDERAL DE PROTECCIÓN DE DATOS PERSONALES EN POSESIÓN DE LOS PARTICULARES (EN LO SUCESIVO DENOMINADA COMO “LA LEY”), KARLAMANZANILLA.COM , ESTABLECE EL PRESENTE AVISO DE PRIVACIDAD DE CONFORMIDAD CON LO SIGUIENTE:</h6>



<p>Términos y Condiciones</p>



<p>1.- El presente Aviso de Privacidad tiene por objeto la protección de los datos personales de los clientes, ex clientes y personal de la empresa, mediante su tratamiento legítimo, controlado e informado, a efecto de garantizar su privacidad, así como tu derecho a la autodeterminación informativa.</p>



<p>2.- Dato Personal es Cualquier información concerniente a una persona física identificada o identificable; el responsable de recabar los datos personales es el área administrativa de la empresa.</p>



<p>3.- Al proporcionar tus Datos Personales por escrito, a través de una solicitud, formato en papel, formato digital, correo electrónico, o cualquier otro documento, aceptas y autorizas a <strong>KARLAMANZANILLA.COM </strong>a utilizar y tratar de forma automatizada tus datos personales e información suministrados, los cuales formarán parte de nuestra base de datos con la finalidad de usarlos, en forma enunciativa, más no limitativa, para: identificarte, ubicarte, comunicarte, contactarte, enviarte información , así como para enviarlos y/o transferirlos a terceros, dentro y fuera del territorio nacional, por cualquier medio que permita la ley para cumplir con nuestros fines sociales.</p>



<p>4.- Mediante la aceptación y autorización para el tratamiento de tus datos personales en los términos antes señalados, nos facultas expresamente a transferirlos a autoridades de cualquier nivel (Federales, Estatales, Municipales), organismos públicos y privados, diversas empresas y/o personas físicas, dentro y fuera de México, con el propósito de integrar tu expediente de cliente prospecto o cliente, prestar los servicios que pudieran llegar a ser o hayan sido contratados, comunicarte sobre cambios en los servicios, enviar facturaciones, y para dar cumplimiento a las obligaciones que hemos contraído contigo; y nos autorizas a poder emitir documentación, oficial o no, a tus representantes legales.</p>



<p>5.- La temporalidad del manejo de tus Datos Personales será indefinida a partir de la fecha en que nos los proporciones, pudiendo oponerte al manejo de los mismos en cualquier momento que lo consideres oportuno, con las limitaciones de Ley; en caso de que tu solicitud de oposición sea procedente, <strong>KARLAMANZANILLA.COM </strong>dejará de manejar tus Datos Personales sin responsabilidad de nuestra parte.</p>



<p>6.- El área de<strong> KARLAMANZANILLA.COM</strong> responsable del tratamiento de tus datos personales, está obligada a cumplir con los principios de licitud, consentimiento, información, calidad, finalidad, lealtad, proporcionalidad y responsabilidad tutelados en la Ley; por tal motivo con fundamento en los artículos 13 y 14 de la Ley, <strong><strong>KARLAMANZANILLA.COM</strong>  </strong>se compromete a guardar estricta confidencialidad de tus datos personales, así como a mantener las medidas de seguridad administrativas, técnicas y físicas que permitan protegerlos contra cualquier daño, pérdida, alteración, acceso o tratamiento no autorizado.</p>



<p>7.- En términos de lo establecido por el artículo 22 de la Ley, tienes derecho en cualquier momento a ejercer tus derechos de acceso, rectificación, cancelación y oposición al tratamiento de tus datos personales, mediante la solicitud vía correo electrónico <a href="mailto:coachkarla@karlamanzanilla.com">coachkarla@karlamanzanilla.com</a> dirigido a quien corresponda <strong> </strong>solicitud que debe contener los requisitos que marca la Ley.</p>



<p>8.-<strong> <strong> KARLAMANZANILLA.COM</strong> </strong>ocasionalmente modiﬁcará y corregirá este Aviso de Privacidad, por lo tanto, te pedimos que revises este aviso regularmente en la página de internet que corresponda, o en <strong>www.karlamanzanilla.com </strong></p>



<p>9.-<strong> KARLAMANZANILLA.COM  </strong>protegerá tus Datos Personales en los términos de la Ley, y te comunicará los elementos contenidos en las fracciones del artículo 16 de la Ley.</p>



<p>Acepto de conformidad el contenido del Aviso de Privacidad que me da<strong>  <strong>KARLAMANZANILLA.COM</strong></strong></p>

<p>AVISO DE PRIVACIDAD PARA LA PROTECCIÓN DE DATOS PERSONALES EN&hellip;</p>
<p> <a class="more-link" href="https://karlamanzanilla.com/en/aviso-privacidad/">Read more</a></p>

<!-- This site is optimized with the Yoast SEO plugin v27.3 - https://yoast.com/product/yoast-seo-wordpress/ -->
<title>Aviso de Privacidad - Karla Manzanilla</title>
<meta name="robots" content="index, follow, max-snippet:-1, max-image-preview:large, max-video-preview:-1" />
<link rel="canonical" href="https://karlamanzanilla.com/en/aviso-privacidad/" />
<meta property="og:locale" content="en_US" />
<meta property="og:type" content="article" />
<meta property="og:title" content="Aviso de Privacidad - Karla Manzanilla" />
<meta property="og:description" content="AVISO DE PRIVACIDAD PARA LA PROTECCIÓN DE DATOS PERSONALES EN&hellip;  Read more" />
<meta property="og:url" content="https://karlamanzanilla.com/en/aviso-privacidad/" />
<meta property="og:site_name" content="Karla Manzanilla" />
<meta property="article:modified_time" content="2024-04-09T07:23:52+00:00" />
<meta name="twitter:card" content="summary_large_image" />
<meta name="twitter:label1" content="Est. reading time" />
	<meta name="twitter:data1" content="3 minutes" />
<script type="application/ld+json" class="yoast-schema-graph">{"@context":"https:\/\/schema.org","@graph":[{"@type":"WebPage","@id":"https:\/\/karlamanzanilla.com\/aviso-privacidad\/","url":"https:\/\/karlamanzanilla.com\/aviso-privacidad\/","name":"Aviso de Privacidad - Karla Manzanilla","isPartOf":{"@id":"https:\/\/karlamanzanilla.com\/#website"},"datePublished":"2024-03-27T01:15:22+00:00","dateModified":"2024-04-09T07:23:52+00:00","breadcrumb":{"@id":"https:\/\/karlamanzanilla.com\/aviso-privacidad\/#breadcrumb"},"inLanguage":"en-US","potentialAction":[{"@type":"ReadAction","target":["https:\/\/karlamanzanilla.com\/aviso-privacidad\/"]}]},{"@type":"BreadcrumbList","@id":"https:\/\/karlamanzanilla.com\/aviso-privacidad\/#breadcrumb","itemListElement":[{"@type":"ListItem","position":1,"name":"Portada","item":"https:\/\/karlamanzanilla.com\/"},{"@type":"ListItem","position":2,"name":"Aviso de Privacidad"}]},{"@type":"WebSite","@id":"https:\/\/karlamanzanilla.com\/#website","url":"https:\/\/karlamanzanilla.com\/","name":"Karla Manzanilla","description":"Coaching de recuperación de TCA","publisher":{"@id":"https:\/\/karlamanzanilla.com\/#\/schema\/person\/bfe531cd33de192499427d82ff8ee49f"},"potentialAction":[{"@type":"SearchAction","target":{"@type":"EntryPoint","urlTemplate":"https:\/\/karlamanzanilla.com\/?s={search_term_string}"},"query-input":{"@type":"PropertyValueSpecification","valueRequired":true,"valueName":"search_term_string"}}],"inLanguage":"en-US"},{"@type":["Person","Organization"],"@id":"https:\/\/karlamanzanilla.com\/#\/schema\/person\/bfe531cd33de192499427d82ff8ee49f","name":"admin","image":{"@type":"ImageObject","inLanguage":"en-US","@id":"https:\/\/karlamanzanilla.com\/wp-content\/uploads\/2024\/04\/cropped-logo-karla-1.png","url":"https:\/\/karlamanzanilla.com\/wp-content\/uploads\/2024\/04\/cropped-logo-karla-1.png","contentUrl":"https:\/\/karlamanzanilla.com\/wp-content\/uploads\/2024\/04\/cropped-logo-karla-1.png","width":1920,"height":652,"caption":"admin"},"logo":{"@id":"https:\/\/karlamanzanilla.com\/wp-content\/uploads\/2024\/04\/cropped-logo-karla-1.png"},"sameAs":["https:\/\/karlamanzanilla.com"]}]}</script>
<!-- / Yoast SEO plugin. -->

AVISO DE PRIVACIDAD PARA LA PROTECCIÓN DE DATOS PERSONALES EN&hellip;  Read more

Coaching de recuperación de TCA
